[INFO] cloning repository https://github.com/prappe/brunnr
[INFO] running `Command { std: "git" "-c" "credential.helper=" "-c" "credential.helper=/workspace/cargo-home/bin/git-credential-null" "clone" "--bare" "https://github.com/prappe/brunnr" "/workspace/cache/git-repos/https%3A%2F%2Fgithub.com%2Fprappe%2Fbrunnr", kill_on_drop: false }`
[INFO] [stderr] Cloning into bare repository '/workspace/cache/git-repos/https%3A%2F%2Fgithub.com%2Fprappe%2Fbrunnr'...
[INFO] running `Command { std: "git" "rev-parse" "HEAD", kill_on_drop: false }`
[INFO] [stdout] e98270f7d29ab77d8a5be5519f321b41403c786f
[INFO] checking prappe/brunnr against master#af3c6e733a40e671550e0f0f5aeecaa13772ba56 for pr-74989
[INFO] running `Command { std: "git" "clone" "/workspace/cache/git-repos/https%3A%2F%2Fgithub.com%2Fprappe%2Fbrunnr" "/workspace/builds/worker-12/source", kill_on_drop: false }`
[INFO] [stderr] Cloning into '/workspace/builds/worker-12/source'...
[INFO] [stderr] done.
[INFO] validating manifest of git repo https://github.com/prappe/brunnr on toolchain af3c6e733a40e671550e0f0f5aeecaa13772ba56
[INFO] running `Command { std: "/workspace/cargo-home/bin/cargo" "+af3c6e733a40e671550e0f0f5aeecaa13772ba56" "read-manifest" "--manifest-path" "Cargo.toml", kill_on_drop: false }`
[INFO] started tweaking git repo https://github.com/prappe/brunnr
[INFO] finished tweaking git repo https://github.com/prappe/brunnr
[INFO] tweaked toml for git repo https://github.com/prappe/brunnr written to /workspace/builds/worker-12/source/Cargo.toml
[INFO] crate git repo https://github.com/prappe/brunnr already has a lockfile, it will not be regenerated
[INFO] running `Command { std: "/workspace/cargo-home/bin/cargo" "+af3c6e733a40e671550e0f0f5aeecaa13772ba56" "fetch" "--locked" "--manifest-path" "Cargo.toml", kill_on_drop: false }`
[INFO] [stderr] error: the lock file /workspace/builds/worker-12/source/Cargo.lock needs to be updated but --locked was passed to prevent this
[INFO] [stderr] If you want to try to generate the lock file without accessing the network, use the --offline flag.
[INFO] the lockfile is outdated, regenerating it
[INFO] running `Command { std: "/workspace/cargo-home/bin/cargo" "+af3c6e733a40e671550e0f0f5aeecaa13772ba56" "generate-lockfile" "--manifest-path" "Cargo.toml" "-Zno-index-update", kill_on_drop: false }`
[INFO] running `Command { std: "/workspace/cargo-home/bin/cargo" "+af3c6e733a40e671550e0f0f5aeecaa13772ba56" "fetch" "--locked" "--manifest-path" "Cargo.toml", kill_on_drop: false }`
[INFO] running `Command { std: "docker" "create" "-v" "/var/lib/crater-agent-workspace/builds/worker-12/target:/opt/rustwide/target:rw,Z" "-v" "/var/lib/crater-agent-workspace/builds/worker-12/source:/opt/rustwide/workdir:ro,Z" "-v" "/var/lib/crater-agent-workspace/cargo-home:/opt/rustwide/cargo-home:ro,Z" "-v" "/var/lib/crater-agent-workspace/rustup-home:/opt/rustwide/rustup-home:ro,Z" "-e" "SOURCE_DIR=/opt/rustwide/workdir" "-e" "CARGO_TARGET_DIR=/opt/rustwide/target" "-e" "CARGO_HOME=/opt/rustwide/cargo-home" "-e" "RUSTUP_HOME=/opt/rustwide/rustup-home" "-w" "/opt/rustwide/workdir" "-m" "1610612736" "--user" "0:0" "--network" "none" "rustops/crates-build-env@sha256:d92eaeed33fa75130ca1ee6c8a01d1ffb62bac859dfdfb3450e3e5d1c0146529" "/opt/rustwide/cargo-home/bin/cargo" "+af3c6e733a40e671550e0f0f5aeecaa13772ba56" "metadata" "--no-deps" "--format-version=1", kill_on_drop: false }`
[INFO] [stdout] 6daf53bc748118633e9dfe174dcf863cfa608b8ff3db0af8a48bf382ce664f6d
[INFO] [stderr] WARNING: Your kernel does not support swap limit capabilities or the cgroup is not mounted. Memory limited without swap.
[INFO] running `Command { std: "docker" "start" "-a" "6daf53bc748118633e9dfe174dcf863cfa608b8ff3db0af8a48bf382ce664f6d", kill_on_drop: false }`
[INFO] running `Command { std: "docker" "inspect" "6daf53bc748118633e9dfe174dcf863cfa608b8ff3db0af8a48bf382ce664f6d", kill_on_drop: false }`
[INFO] running `Command { std: "docker" "rm" "-f" "6daf53bc748118633e9dfe174dcf863cfa608b8ff3db0af8a48bf382ce664f6d", kill_on_drop: false }`
[INFO] [stdout] 6daf53bc748118633e9dfe174dcf863cfa608b8ff3db0af8a48bf382ce664f6d
[INFO] running `Command { std: "docker" "create" "-v" "/var/lib/crater-agent-workspace/builds/worker-12/target:/opt/rustwide/target:rw,Z" "-v" "/var/lib/crater-agent-workspace/builds/worker-12/source:/opt/rustwide/workdir:ro,Z" "-v" "/var/lib/crater-agent-workspace/cargo-home:/opt/rustwide/cargo-home:ro,Z" "-v" "/var/lib/crater-agent-workspace/rustup-home:/opt/rustwide/rustup-home:ro,Z" "-e" "SOURCE_DIR=/opt/rustwide/workdir" "-e" "CARGO_TARGET_DIR=/opt/rustwide/target" "-e" "CARGO_INCREMENTAL=0" "-e" "RUST_BACKTRACE=full" "-e" "RUSTFLAGS=--cap-lints=forbid" "-e" "CARGO_HOME=/opt/rustwide/cargo-home" "-e" "RUSTUP_HOME=/opt/rustwide/rustup-home" "-w" "/opt/rustwide/workdir" "-m" "1610612736" "--user" "0:0" "--network" "none" "rustops/crates-build-env@sha256:d92eaeed33fa75130ca1ee6c8a01d1ffb62bac859dfdfb3450e3e5d1c0146529" "/opt/rustwide/cargo-home/bin/cargo" "+af3c6e733a40e671550e0f0f5aeecaa13772ba56" "check" "--frozen" "--all" "--all-targets" "--message-format=json", kill_on_drop: false }`
[INFO] [stdout] fd2b676e9ac7b11103cc8ff0e4563570c34989a4fa5e8fad99449df8b2d36cc1
[INFO] [stderr] WARNING: Your kernel does not support swap limit capabilities or the cgroup is not mounted. Memory limited without swap.
[INFO] running `Command { std: "docker" "start" "-a" "fd2b676e9ac7b11103cc8ff0e4563570c34989a4fa5e8fad99449df8b2d36cc1", kill_on_drop: false }`
[INFO] [stderr]     Checking utf8-ranges v0.1.3
[INFO] [stderr]     Checking regex-syntax v0.3.9
[INFO] [stderr]     Checking memchr v0.1.11
[INFO] [stderr]     Checking thread-id v2.0.0
[INFO] [stderr]     Checking aho-corasick v0.5.3
[INFO] [stderr]     Checking thread_local v0.2.7
[INFO] [stderr]     Checking regex v0.1.80
[INFO] [stderr]     Checking brunnr v0.1.9 (/opt/rustwide/workdir)
[INFO] [stdout] error[E0531]: cannot find tuple struct or tuple variant `LitBool` in this scope
[INFO] [stdout]    --> src/eval.rs:117:13
[INFO] [stdout]     |
[INFO] [stdout] 117 |             LitBool(b) => String::from(b),
[INFO] [stdout]     |             ^^^^^^^ not found in this scope
[INFO] [stdout] 
[INFO] [stdout] 
[INFO] [stdout] error[E0531]: cannot find tuple struct or tuple variant `LitBool` in this scope
[INFO] [stdout]    --> src/eval.rs:117:13
[INFO] [stdout]     |
[INFO] [stdout] 117 |             LitBool(b) => String::from(b),
[INFO] [stdout]     |             ^^^^^^^ not found in this scope
[INFO] [stdout] 
[INFO] [stdout] 
[INFO] [stdout] error[E0277]: the trait bound `String: From<i64>` is not satisfied
[INFO] [stdout]    --> src/eval.rs:115:26
[INFO] [stdout]     |
[INFO] [stdout] 115 |             LitInt(i) => String::from(i),
[INFO] [stdout]     |                          ^^^^^^^^^^^^ the trait `From<i64>` is not implemented for `String`
[INFO] [stdout]     |
[INFO] [stdout]     = help: the following implementations were found:
[INFO] [stdout]               <String as From<&String>>
[INFO] [stdout]               <String as From<&mut str>>
[INFO] [stdout]               <String as From<&str>>
[INFO] [stdout]               <String as From<Box<str>>>
[INFO] [stdout]             and 2 others
[INFO] [stdout]     = note: required by `from`
[INFO] [stdout] 
[INFO] [stdout] 
[INFO] [stdout] error[E0277]: the trait bound `String: From<f64>` is not satisfied
[INFO] [stdout]    --> src/eval.rs:116:28
[INFO] [stdout]     |
[INFO] [stdout] 116 |             LitFloat(f) => String::from(f),
[INFO] [stdout]     |                            ^^^^^^^^^^^^ the trait `From<f64>` is not implemented for `String`
[INFO] [stdout]     |
[INFO] [stdout]     = help: the following implementations were found:
[INFO] [stdout]               <String as From<&String>>
[INFO] [stdout]               <String as From<&mut str>>
[INFO] [stdout]               <String as From<&str>>
[INFO] [stdout]               <String as From<Box<str>>>
[INFO] [stdout]             and 2 others
[INFO] [stdout]     = note: required by `from`
[INFO] [stdout] 
[INFO] [stdout] 
[INFO] [stdout] error[E0277]: the trait bound `String: From<&i64>` is not satisfied
[INFO] [stdout]    --> src/eval.rs:121:32
[INFO] [stdout]     |
[INFO] [stdout] 121 |                     Some(x) => String::from(x),
[INFO] [stdout]     |                                ^^^^^^^^^^^^ the trait `From<&i64>` is not implemented for `String`
[INFO] [stdout]     |
[INFO] [stdout]     = help: the following implementations were found:
[INFO] [stdout]               <String as From<&String>>
[INFO] [stdout]               <String as From<&mut str>>
[INFO] [stdout]               <String as From<&str>>
[INFO] [stdout]               <String as From<Box<str>>>
[INFO] [stdout]             and 2 others
[INFO] [stdout]     = note: required by `from`
[INFO] [stdout] 
[INFO] [stdout] 
[INFO] [stdout] error[E0277]: the trait bound `String: From<&f64>` is not satisfied
[INFO] [stdout]    --> src/eval.rs:123:35
[INFO] [stdout]     |
[INFO] [stdout] 123 |                        Some(x) => String::from(x),
[INFO] [stdout]     |                                   ^^^^^^^^^^^^ the trait `From<&f64>` is not implemented for `String`
[INFO] [stdout]     |
[INFO] [stdout]     = help: the following implementations were found:
[INFO] [stdout]               <String as From<&String>>
[INFO] [stdout]               <String as From<&mut str>>
[INFO] [stdout]               <String as From<&str>>
[INFO] [stdout]               <String as From<Box<str>>>
[INFO] [stdout]             and 2 others
[INFO] [stdout]     = note: required by `from`
[INFO] [stdout] 
[INFO] [stdout] 
[INFO] [stdout] error: aborting due to 5 previous errors
[INFO] [stdout] 
[INFO] [stdout] 
[INFO] [stdout] Some errors have detailed explanations: E0277, E0531.
[INFO] [stdout] 
[INFO] [stdout] For more information about an error, try `rustc --explain E0277`.
[INFO] [stdout] 
[INFO] [stderr] error: could not compile `brunnr`.
[INFO] [stdout] error[E0277]: the trait bound `String: From<i64>` is not satisfied
[INFO] [stdout]    --> src/eval.rs:115:26
[INFO] [stdout]     |
[INFO] [stdout] 115 |             LitInt(i) => String::from(i),
[INFO] [stdout]     |                          ^^^^^^^^^^^^ the trait `From<i64>` is not implemented for `String`
[INFO] [stdout]     |
[INFO] [stdout]     = help: the following implementations were found:
[INFO] [stdout]               <String as From<&String>>
[INFO] [stdout]               <String as From<&mut str>>
[INFO] [stdout]               <String as From<&str>>
[INFO] [stdout]               <String as From<Box<str>>>
[INFO] [stdout]             and 2 others
[INFO] [stdout]     = note: required by `from`
[INFO] [stdout] 
[INFO] [stdout] 
[INFO] [stderr] 
[INFO] [stdout] error[E0277]: the trait bound `String: From<f64>` is not satisfied
[INFO] [stdout]    --> src/eval.rs:116:28
[INFO] [stdout]     |
[INFO] [stdout] 116 |             LitFloat(f) => String::from(f),
[INFO] [stdout]     |                            ^^^^^^^^^^^^ the trait `From<f64>` is not implemented for `String`
[INFO] [stdout]     |
[INFO] [stdout]     = help: the following implementations were found:
[INFO] [stdout]               <String as From<&String>>
[INFO] [stdout]               <String as From<&mut str>>
[INFO] [stdout]               <String as From<&str>>
[INFO] [stdout]               <String as From<Box<str>>>
[INFO] [stdout]             and 2 others
[INFO] [stdout]     = note: required by `from`
[INFO] [stdout] 
[INFO] [stdout] 
[INFO] [stderr] To learn more, run the command again with --verbose.
[INFO] [stdout] error[E0277]: the trait bound `String: From<&i64>` is not satisfied
[INFO] [stdout]    --> src/eval.rs:121:32
[INFO] [stdout]     |
[INFO] [stdout] 121 |                     Some(x) => String::from(x),
[INFO] [stdout]     |                                ^^^^^^^^^^^^ the trait `From<&i64>` is not implemented for `String`
[INFO] [stdout]     |
[INFO] [stdout]     = help: the following implementations were found:
[INFO] [stdout]               <String as From<&String>>
[INFO] [stdout]               <String as From<&mut str>>
[INFO] [stdout]               <String as From<&str>>
[INFO] [stdout]               <String as From<Box<str>>>
[INFO] [stdout]             and 2 others
[INFO] [stdout]     = note: required by `from`
[INFO] [stdout] 
[INFO] [stdout] 
[INFO] [stderr] warning: build failed, waiting for other jobs to finish...
[INFO] [stdout] error[E0277]: the trait bound `String: From<&f64>` is not satisfied
[INFO] [stdout]    --> src/eval.rs:123:35
[INFO] [stdout]     |
[INFO] [stdout] 123 |                        Some(x) => String::from(x),
[INFO] [stdout]     |                                   ^^^^^^^^^^^^ the trait `From<&f64>` is not implemented for `String`
[INFO] [stdout]     |
[INFO] [stdout]     = help: the following implementations were found:
[INFO] [stdout]               <String as From<&String>>
[INFO] [stdout]               <String as From<&mut str>>
[INFO] [stdout]               <String as From<&str>>
[INFO] [stdout]               <String as From<Box<str>>>
[INFO] [stdout]             and 2 others
[INFO] [stdout]     = note: required by `from`
[INFO] [stdout] 
[INFO] [stdout] 
[INFO] [stdout] error: aborting due to 5 previous errors
[INFO] [stdout] 
[INFO] [stdout] 
[INFO] [stdout] Some errors have detailed explanations: E0277, E0531.
[INFO] [stdout] 
[INFO] [stdout] For more information about an error, try `rustc --explain E0277`.
[INFO] [stdout] 
[INFO] [stderr] error: build failed
[INFO] running `Command { std: "docker" "inspect" "fd2b676e9ac7b11103cc8ff0e4563570c34989a4fa5e8fad99449df8b2d36cc1", kill_on_drop: false }`
[INFO] running `Command { std: "docker" "rm" "-f" "fd2b676e9ac7b11103cc8ff0e4563570c34989a4fa5e8fad99449df8b2d36cc1", kill_on_drop: false }`
[INFO] [stdout] fd2b676e9ac7b11103cc8ff0e4563570c34989a4fa5e8fad99449df8b2d36cc1
